/16 - 6)/(w/16)?
4
Let d(q) be the third derivative of 23*q**4/24 - q**3/2 - 3*q**2. Suppose x = -5*v + 4*x + 10, -4*v + 3*x + 5 = 0. What is the hundreds digit of d(v)?
1
Suppose -2*w + 5279 = 7*t - 8*t, -7951 = -3*w - 5*t. What is the tens digit of w?
4
Let i(z) = -z + 12. Let b(r) = -r**3 + 17*r**2 - 15*r - 9. Let q be b(16). Let l be i(q). Let p = l - -20. What is the units digit of p?
5
Let t(x) = -x**3 - 24*x**2 + 2*x + 50. Let q be t(-24). Suppose -195 - 693 = -2*d - q*o, 4*d - 3*o - 1776 = 0. What is the tens digit of d?
4
Let c(l) = 5*l**2 - 327*l - 359. What is the ten thousands digit of c(102)?
1
Let m(w) = 3*w - 14. Let g be m(8). Suppose 14*v - g*v = 100. Suppose -d + v = 4. What is the units digit of d?
1
Let k be ((-107)/(-4))/((-13)/(-52)). Let m(b) = -74*b - 50*b + k*b + 20. What is the tens digit of m(-4)?
8
Suppose 33 = 6*s + 5*s. Suppose -s*d + r - 675 = -8*d, 3*r = 0. Suppose -2*w = g - 6*g + 135, 0 = -5*g - 5*w + d. What is the units digit of g?
7
Suppose 0*a = 4*a - 5*f - 45, -5*a + 5*f + 50 = 0. Let p be (-10 - -9) + a/1. Suppose -217 + 589 = p*k. What is the tens digit of k?
9
Let f(w) = w**2 - 10*w - 51. Let r be f(14). Suppose 3*y - 348 = -q - 37, 2*y = r*q - 1538. What is the hundreds digit of q?
3
Suppose -1599 = -5*p - 6584. What is the units digit of (2/(-1) - -1)*p?
7
Suppose 180*g - 47810 = 145*g. What is the tens digit of g?
6
Suppose -88419 = 143*u - 745933. What is the thousands digit of u?
4
Let l be -5 + 258/54 - 141/(-27). Suppose -l*r + 5*w = -2430, -6*w = 2*r - 10*w - 970. What is the hundreds digit of r?
4
Suppose 3*g - 5*g - 2*c = 488, -2*c + 757 = -3*g. Let v = g - -429. Suppose -5*s + v = 5*b, 2*b - 2*s - 18 = 46. What is the units digit of b?
4
Let w(j) = -21*j**2 + 8*j - 19. Let b be w(2). Let r = b - -279. What is the hundreds digit of r?
1
Suppose 616815 = 52*h + 50*h - 21*h. What is the units digit of h?
5
Suppose -48 = -10*q + 52. Suppose -q*p + 2618 = -5772. What is the tens digit of p?
3
Let c be (72/(-3))/(-6)*(-3)/(-2). Suppose -6983 = -c*r + 13033. Suppose 7*u + 5*u - r = 0. What is the tens digit of u?
7
Let s(j) = -30*j**3 - 1. Let l be s(-1). Let o(y) = 3*y + 12 + 18 + 8*y**2 - l + y**3. What is the tens digit of o(-7)?
2
Let w be 4/24 + (-33)/(-18). Suppose 3*p - 3519 = -w*d, d + p = 818 + 943. Suppose 0 = 4*n - 16*n + d. What is the tens digit of n?
4
Let i = -13642 + 21685. What is the hundreds digit of i?
0
Suppose -188994 = 252*l - 265*l. What is the thousands digit of l?
4
Let j = 465 + -241. Suppose -j = -27*z + 26*z. What is the tens digit of (3/(-6))/((-8)/z)?
1
Suppose -3095 = -34*k + 4181. What is the hundreds digit of k?
2
Let b(r) = 374*r - 94. Let a be b(8). Suppose -a = -10*f + f. What is the units digit of f?
2
Let i(c) = c + 19*c - 3*c - 6. Let y = 94 + -88. What is the units digit of i(y)?
6
Suppose -33*i - 5*d - 39081 = -37*i, 0 = 2*i + 4*d - 19508. What is the thousands digit of i?
9
Suppose -76 = 5*n - 46. Let x be (n/(-4))/(1/(-38)). Let p = x + 206. What is the hundreds digit of p?
1
Let o(t) = 30558*t + 987. What is the tens digit of o(1)?
4
Let m(d) be the third derivative of -5*d**4/6 - 121*d**3/6 + 107*d**2. What is the hundreds digit of m(-13)?
1
Let s = -7238 - -8724. What is the thousands digit of s?
1
Suppose -2*d = -26 + 34. Let x be (2 - d)/6 - (2 - 2). What is the units digit of (344/(-6))/x*15/(-10)?
6
Suppose 0 = -4*w + 3*z - 45, 4*w = 6*w + 4*z + 6. Let f(c) = -c**2 - 11*c - 20. Let k be f(w). Let r(y) = -4*y**3 - 2*y. What is the tens digit of r(k)?
3
Let u be (18*8/(-84))/((-6)/21). Suppose 0 = u*y - 12 - 6. Suppose -3*v = -y*o - 285, -3*v + 165 = -v + 3*o. What is the tens digit of v?
9
Let x be ((-15)/20)/((-9)/24). Suppose 63 = -x*q - 3. Let l = -7 - q. What is the tens digit of l?
2
What is the thousands digit of ((-954)/(-21))/((-7)/(-5 + -534)) + -4?
3
Let p be (-1)/((-5 + 2)/(-15)). Let j be 2/p*(-7)/((-28)/80). What is the tens digit of (60/14)/(j/(-280)) + 2?
5
Let i(t) be the second derivative of -t**5/20 + t**4/6 + t**3/6 + 6*t**2 - 62*t. What is the tens digit of i(0)?
1
Suppose -8*l = -10*l - 182. Let t = l + 47. What is the units digit of ((-8)/t - 2/11) + 7?
7
Let l = 182 + -467. Let f = 527 + l. What is the hundreds digit of f?
2
Let n(x) = -297*x - 1440. What is the ten thousands digit of n(-45)?
1
Suppose 68 = -m + 60, -2*s + 37384 = 2*m. What is the hundreds digit of s?
7
Let o(w) = 19 + 63 + 13*w + 25 + 3*w + 48*w. What is the hundreds digit of o(7)?
5
Let r(q) = -13*q**3 - 3*q**2 - 2*q + 2. Let u(h) = h**3 - h**2. Let s(a) = -r(a) + 4*u(a). Let c be s(1). Let d = 42 + c. What is the units digit of d?
8
What is the units digit of (-35 - 1)*1817/(-46)?
2
Let a(j) = 428*j + 73. Let v be a(7). What is the hundreds digit of (10 - v/27)/(1/(-3))?
3
Let s(h) = 4*h + 31. Let b be s(-7). Suppose -5*m = -126 - 219. Suppose 0 = u - 5*d - 92, -b*d - m = -4*u + 214. What is the units digit of u?
7
What is the units digit of -66*1/((-33)/605)?
0
Let s = 1877 - 3774. Let b = -1264 - s. What is the units digit of b?
3
Let n(v) = -v**3 - 17*v**2 + 17*v + 3. Let f = 129 - 147. Let q be n(f). Suppose -1407 = -q*j + 14*j. What is the hundreds digit of j?
2
Let h(b) = -b**3 - 5*b**2 + 8*b - 17. Let w(o) = -o**3 + 22*o**2 + 49*o - 10. Let t be w(24). Suppose -2*d + 0*d = t. What is the units digit of h(d)?
5
Suppose -24*s + 20*s = 2*m - 340, 0 = -4*m - 3*s + 695. Let j = 1759 - m. What is the thousands digit of j?
1
What is the tens digit of (6 + -650)/(24/(-21) - -1)?
0
Suppose -760 = 2*t + 3*t. Let s be (8 + 5/(-1))/((-6)/t). Suppose -3*d + 92 = 4*p, 4*p - s = p - 4*d. What is the tens digit of p?
2
What is the thousands digit of ((-232821)/36)/3*-4 - -1?
8
Let w(k) = 3*k**2 - 4*k + 4. Let m be w(1). Suppose 0 = -4*b + v + 3*v + 1104, -5*v - 828 = -m*b. What is the hundreds digit of b?
2
Suppose -320*u + 322*u - 2 = 0, -563 = -p - u. What is the hundreds digit of p?
5
Suppose -6 - 10 = -4*r. Suppose -r*m = -10 + 2. What is the hundreds digit of (37/m + -1)*36/5?
1
Let h(n) = -14*n - 68. Let s be h(-5). Suppose 0 = -2*r - 4*p + 644, s*r - 4*r + 2*p = -614. What is the units digit of r?
2
Let b = 3 - -2. Suppose 32*x + 830 = 37*x. Suppose -764 = -b*f + x. What is the units digit of f?
6
Suppose 4*m + 8 = 0, 0 = -b + 34*m - 31*m + 5069. What is the hundreds digit of b?
0
Suppose -4*w = -3*r - 2, 5*w + r = 9 + 3. Suppose w*j = -3*y - 392 - 435, 5*y + 5*j + 1380 = 0. What is the tens digit of 1140/22 - 50/y?
5
Suppose -2*z - 5*p = 576, z + 87 = -5*p - 211. Suppose 3*g = 9, 5*g - 82 - 121 = 4*f. Let j = f - z. What is the hundreds digit of j?
2
Suppose 4*v + 130 = 2*j - 90, 0 = -4*j + 5*v + 446. Let a = 539 - j. What is the units digit of a?
5
What is the hundreds digit of (7231230/180)/((-5)/(-10))?
3
Suppose -b + 72 = -188. Let r(q) = q**2 + 44*q + 233. Let d be r(-6). Suppose -b = -2*f - o + 45, 0 = d*f + 4*o - 755. What is the units digit of f?
5
Let l = -24 - -27. What is the hundreds digit of (-8)/((-12)/l) - -217?
2
Let o be (16/(-12))/(2/(-27)). Suppose 3*p + 3*m - 12 = 0, -3*p - o = -8*p - 4*m. Suppose -5*u + 4*g + 373 = 0, p*u = -u - g + 217. What is the tens digit of u?
7
Let m(b) = 18*b + 18. Let p(h) = -9*h - 9. Let c(a) = 4*m(a) + 7*p(a). Let y = 675 + -673. What is the tens digit of c(y)?
2
Let o(f) = 113*f + 12162. What is the hundreds digit of o(117)?
3
Suppose -136*k = -139*k + 480. Let l = k + -136. Suppose 3*q - 66 = -3*p + l, 2*q - 33 = -p. What is the units digit of p?
7
What is the ten thousands digit of (1806/(-6))/(-2 - 3031/(-1519))?
6
Let k be 48/(-30) - -2 - 4/10. Let s(q) = 3*q + 3. Let d be s(k). Suppose m + 6*t = t + 12, -m + 16 = d*t. What is the tens digit of m?
2
Suppose 0 = 3*h - 3*w + 12, -4*h - 2*w - 57 + 11 = 0. Let t(i) = -34*i - 26. Let n be t(h). Suppose -4 = m, -4*r - 4*m + n = -0*r. What is the tens digit of r?
7
Suppose 4*j + 17 = 3*q - 200, 2*q = -4*j + 118. Suppose -q - 161 = 6*i. What is the units digit of -9*(i/(-12))/((-22)/88)?
4
Let v be (0/3)/((-6)/(-8)*4). Suppose v = -u - 12*u + 3536. What is the hundreds digit of u?
2
Suppose -626 = 3*i - 11252. Suppose -20*s + 2078 + i = 0. What is the units digit of s?
1
Let j(c) = 149*c**2 + 31*c + 34. What is the hundreds digit of j(14)?
6
What is the ten 